{"version":"1.0","provider_name":"Tohum Autism Foundation | The Only Remedy for Autism is Education","provider_url":"https:\/\/wp1.sedaozcan.net.tr\/en","author_name":"Tohum Otizm","author_url":"https:\/\/wp1.sedaozcan.net.tr\/en\/author\/admin_3ewju0jt\/","title":"Otizmin G\u00f6r\u00fclme S\u0131kl\u0131\u011f\u0131","type":"rich","width":600,"height":338,"html":"<blockquote class=\"wp-embedded-content\" data-secret=\"NVjBt3BENb\"><a href=\"https:\/\/wp1.sedaozcan.net.tr\/en\/otizm-nedir\/otizm-spektrum-bozuklugu\/otizmin-gorulme-sikligi\/\">Otizmin G\u00f6r\u00fclme S\u0131kl\u0131\u011f\u0131<\/a><\/blockquote><iframe sandbox=\"allow-scripts\" security=\"restricted\" src=\"https:\/\/wp1.sedaozcan.net.tr\/en\/otizm-nedir\/otizm-spektrum-bozuklugu\/otizmin-gorulme-sikligi\/embed\/#?secret=NVjBt3BENb\" width=\"600\" height=\"338\" title=\"&#8220;Otizmin G\u00f6r\u00fclme S\u0131kl\u0131\u011f\u0131&#8221; &#8212; Tohum Otizm Vakf\u0131 | Otizmin Tek \u00c7aresi E\u011fitim\" data-secret=\"NVjBt3BENb\" frameborder=\"0\" marginwidth=\"0\" marginheight=\"0\" scrolling=\"no\" class=\"wp-embedded-content\"><\/iframe><script>\n\/*! This file is auto-generated *\/\n!function(d,l){\"use strict\";l.querySelector&&d.addEventListener&&\"undefined\"!=typeof URL&&(d.wp=d.wp||{},d.wp.receiveEmbedMessage||(d.wp.receiveEmbedMessage=function(e){var t=e.data;if((t||t.secret||t.message||t.value)&&!\/[^a-zA-Z0-9]\/.test(t.secret)){for(var s,r,n,a=l.querySelectorAll('iframe[data-secret=\"'+t.secret+'\"]'),o=l.querySelectorAll('blockquote[data-secret=\"'+t.secret+'\"]'),c=new RegExp(\"^https?:$\",\"i\"),i=0;i<o.length;i++)o[i].style.display=\"none\";for(i=0;i<a.length;i++)s=a[i],e.source===s.contentWindow&&(s.removeAttribute(\"style\"),\"height\"===t.message?(1e3<(r=parseInt(t.value,10))?r=1e3:~~r<200&&(r=200),s.height=r):\"link\"===t.message&&(r=new URL(s.getAttribute(\"src\")),n=new URL(t.value),c.test(n.protocol))&&n.host===r.host&&l.activeElement===s&&(d.top.location.href=t.value))}},d.addEventListener(\"message\",d.wp.receiveEmbedMessage,!1),l.addEventListener(\"DOMContentLoaded\",function(){for(var e,t,s=l.querySelectorAll(\"iframe.wp-embedded-content\"),r=0;r<s.length;r++)(t=(e=s[r]).getAttribute(\"data-secret\"))||(t=Math.random().toString(36).substring(2,12),e.src+=\"#?secret=\"+t,e.setAttribute(\"data-secret\",t)),e.contentWindow.postMessage({message:\"ready\",secret:t},\"*\")},!1)))}(window,document);\n\/\/# sourceURL=https:\/\/wp1.sedaozcan.net.tr\/wp-includes\/js\/wp-embed.min.js\n<\/script>","description":"Otizm Nedir? Otizm Spektrum Bozuklu\u011fu Otizmin G\u00f6r\u00fclme S\u0131kl\u0131\u011f\u0131 Otizm, g\u00fcn\u00fcm\u00fczde rastlanan en yayg\u0131n n\u00f6rogeli\u015fimsel farkl\u0131l\u0131klardan biri olup, 8 ya\u015f\u0131ndaki her 31 \u00e7ocuktan 1\u2019ini etkiledi\u011fi kabul edilmektedir. Otizmin erkek \u00e7ocuklardaki g\u00f6r\u00fclme s\u0131kl\u0131\u011f\u0131 k\u0131z \u00e7ocuklar\u0131na g\u00f6re yakla\u015f\u0131k 3-4 kat daha fazlad\u0131r. Son y\u0131llarda yap\u0131lan \u00e7al\u0131\u015fmalar ya\u015f ilerledik\u00e7e tan\u0131daki cinsiyet fark\u0131n\u0131n kapand\u0131\u011f\u0131n\u0131, 20 ya\u015f civar\u0131nda otizmin g\u00f6r\u00fclme oran\u0131n\u0131n","thumbnail_url":"https:\/\/wp1.sedaozcan.net.tr\/wp-content\/uploads\/2025\/10\/REHBERLIK-scaled-e1759846366712-1024x686.png","thumbnail_width":1024,"thumbnail_height":686}

Otizmin Görülme Sıklığı

<blockquote class="wp-embedded-content" data-secret="NVjBt3BENb"><a href="https://wp1.sedaozcan.net.tr/en/otizm-nedir/otizm-spektrum-bozuklugu/otizmin-gorulme-sikligi/">Otizmin Görülme Sıklığı</a></blockquote><iframe sandbox="allow-scripts" security="restricted" src="https://wp1.sedaozcan.net.tr/en/otizm-nedir/otizm-spektrum-bozuklugu/otizmin-gorulme-sikligi/embed/#?secret=NVjBt3BENb" width="600" height="338" title="&#8220;Otizmin Görülme Sıklığı&#8221; &#8212; Tohum Otizm Vakfı | Otizmin Tek Çaresi Eğitim" data-secret="NVjBt3BENb" frameborder="0" marginwidth="0" marginheight="0" scrolling="no" class="wp-embedded-content"></iframe><script>
/*! This file is auto-generated */
!function(d,l){"use strict";l.querySelector&&d.addEventListener&&"undefined"!=typeof URL&&(d.wp=d.wp||{},d.wp.receiveEmbedMessage||(d.wp.receiveEmbedMessage=function(e){var t=e.data;if((t||t.secret||t.message||t.value)&&!/[^a-zA-Z0-9]/.test(t.secret)){for(var s,r,n,a=l.querySelectorAll('iframe[data-secret="'+t.secret+'"]'),o=l.querySelectorAll('blockquote[data-secret="'+t.secret+'"]'),c=new RegExp("^https?:$","i"),i=0;i<o.length;i++)o[i].style.display="none";for(i=0;i<a.length;i++)s=a[i],e.source===s.contentWindow&&(s.removeAttribute("style"),"height"===t.message?(1e3<(r=parseInt(t.value,10))?r=1e3:~~r<200&&(r=200),s.height=r):"link"===t.message&&(r=new URL(s.getAttribute("src")),n=new URL(t.value),c.test(n.protocol))&&n.host===r.host&&l.activeElement===s&&(d.top.location.href=t.value))}},d.addEventListener("message",d.wp.receiveEmbedMessage,!1),l.addEventListener("DOMContentLoaded",function(){for(var e,t,s=l.querySelectorAll("iframe.wp-embedded-content"),r=0;r<s.length;r++)(t=(e=s[r]).getAttribute("data-secret"))||(t=Math.random().toString(36).substring(2,12),e.src+="#?secret="+t,e.setAttribute("data-secret",t)),e.contentWindow.postMessage({message:"ready",secret:t},"*")},!1)))}(window,document);
//# sourceURL=https://wp1.sedaozcan.net.tr/wp-includes/js/wp-embed.min.js
</script>

Otizm Nedir? Otizm Spektrum Bozukluğu Otizmin Görülme Sıklığı Otizm, günümüzde rastlanan en yaygın nörogelişimsel farklılıklardan biri olup, 8 yaşındaki her 31 çocuktan 1’ini etkilediği kabul edilmektedir. Otizmin erkek çocuklardaki görülme sıklığı kız çocuklarına göre yaklaşık 3-4 kat daha fazladır. Son yıllarda yapılan çalışmalar yaş ilerledikçe tanıdaki cinsiyet farkının kapandığını, 20 yaş civarında otizmin görülme oranının
